{"id":55,"date":"2025-09-29T19:42:49","date_gmt":"2025-09-29T19:42:49","guid":{"rendered":"https:\/\/immersivalab.com\/?page_id=55"},"modified":"2026-01-13T04:06:52","modified_gmt":"2026-01-13T04:06:52","slug":"music","status":"publish","type":"page","link":"https:\/\/immersivalab.com\/proeducation\/music\/","title":{"rendered":"Music"},"content":{"rendered":"<p>[et_pb_section fb_built=&#8221;1&#8243; _builder_version=&#8221;4.27.4&#8243; _module_preset=&#8221;default&#8221; height=&#8221;25px&#8221; global_colors_info=&#8221;{}&#8221;][et_pb_row _builder_version=&#8221;4.27.4&#8243; _module_preset=&#8221;default&#8221; global_colors_info=&#8221;{}&#8221;][et_pb_column type=&#8221;4_4&#8243; _builder_version=&#8221;4.27.4&#8243; _module_preset=&#8221;default&#8221; global_colors_info=&#8221;{}&#8221;][et_pb_menu active_link_color=&#8221;#FFFFFF&#8221; logo=&#8221;https:\/\/immersivalab.com\/proeducation\/wp-content\/uploads\/2025\/09\/LOGO-PRINCIPAL-11-scaled.png&#8221; logo_width=&#8221;25%&#8221; _builder_version=&#8221;4.27.4&#8243; _module_preset=&#8221;default&#8221; menu_text_color=&#8221;#8089D2&#8243; background_color=&#8221;RGBA(255,255,255,0)&#8221; text_orientation=&#8221;right&#8221; custom_margin=&#8221;-70px||||false|false&#8221; custom_padding=&#8221;||||false|false&#8221; global_colors_info=&#8221;{}&#8221;][\/et_pb_menu][\/et_pb_column][\/et_pb_row][\/et_pb_section][et_pb_section fb_built=&#8221;1&#8243; _builder_version=&#8221;4.27.4&#8243; _module_preset=&#8221;default&#8221; global_colors_info=&#8221;{}&#8221;][et_pb_row column_structure=&#8221;1_2,1_2&#8243; _builder_version=&#8221;4.27.4&#8243; _module_preset=&#8221;default&#8221; global_colors_info=&#8221;{}&#8221;][et_pb_column type=&#8221;1_2&#8243; _builder_version=&#8221;4.27.4&#8243; _module_preset=&#8221;default&#8221; global_colors_info=&#8221;{}&#8221;][et_pb_text _builder_version=&#8221;4.27.4&#8243; _module_preset=&#8221;default&#8221; hover_enabled=&#8221;0&#8243; global_colors_info=&#8221;{}&#8221; sticky_enabled=&#8221;0&#8243;]<\/p>\n<h1 style=\"text-align: left;\"><span style=\"color: #ffffff;\">Immersiva Lab Entertainment<\/span><\/h1>\n<p>[\/et_pb_text][et_pb_text _builder_version=&#8221;4.27.4&#8243; _module_preset=&#8221;default&#8221; hover_enabled=&#8221;0&#8243; global_colors_info=&#8221;{}&#8221; sticky_enabled=&#8221;0&#8243;]<\/p>\n<p style=\"text-align: left;\"><span style=\"color: #ffffff;\"><strong data-start=\"143\" data-end=\"174\">mmersiva Lab Entertainment<\/strong> es la divisi\u00f3n dedicada a la creaci\u00f3n, producci\u00f3n y desarrollo musical. Con m\u00e1s de 30 a\u00f1os de experiencia, nuestro equipo se especializa en la <strong data-start=\"318\" data-end=\"340\">producci\u00f3n musical<\/strong> y la <strong data-start=\"346\" data-end=\"389\">mezcla en audio inmersivo (Dolby Atmos, Eclipsa Audio, entre otros)<\/strong>, fusionando tecnolog\u00eda de vanguardia con una visi\u00f3n art\u00edstica \u00fanica. Adem\u00e1s, brindamos <strong data-start=\"477\" data-end=\"495\">label services<\/strong> integrales que acompa\u00f1an a artistas y sellos en cada etapa \u2014desde la distribuci\u00f3n y el lanzamiento, hasta la estrategia de posicionamiento\u2014 asegurando que cada proyecto alcance su m\u00e1ximo potencial y conecte con su audiencia de forma aut\u00e9ntica.<\/span><\/p>\n<p>[\/et_pb_text][\/et_pb_column][et_pb_column type=&#8221;1_2&#8243; _builder_version=&#8221;4.27.4&#8243; _module_preset=&#8221;default&#8221; global_colors_info=&#8221;{}&#8221;][et_pb_image src=&#8221;https:\/\/immersivalab.com\/proeducation\/wp-content\/uploads\/2025\/10\/2.jpg&#8221; title_text=&#8221;Immersiva Lab Entertainment&#8221; _builder_version=&#8221;4.27.4&#8243; _module_preset=&#8221;default&#8221; global_colors_info=&#8221;{}&#8221;][\/et_pb_image][\/et_pb_column][\/et_pb_row][\/et_pb_section][et_pb_section fb_built=&#8221;1&#8243; _builder_version=&#8221;4.27.4&#8243; _module_preset=&#8221;default&#8221; background_color=&#8221;#8089D2&#8243; global_colors_info=&#8221;{}&#8221;][et_pb_row _builder_version=&#8221;4.27.4&#8243; _module_preset=&#8221;default&#8221; global_colors_info=&#8221;{}&#8221;][et_pb_column type=&#8221;4_4&#8243; _builder_version=&#8221;4.27.4&#8243; _module_preset=&#8221;default&#8221; global_colors_info=&#8221;{}&#8221;][et_pb_text _builder_version=&#8221;4.27.4&#8243; _module_preset=&#8221;default&#8221; text_text_color=&#8221;#FFFFFF&#8221; header_text_color=&#8221;#FFFFFF&#8221; header_2_text_color=&#8221;#FFFFFF&#8221; global_colors_info=&#8221;{}&#8221;]<\/p>\n<h2 style=\"text-align: center;\">Nuestros clientes<\/h2>\n<p>[\/et_pb_text][et_pb_text _builder_version=&#8221;4.27.4&#8243; _module_preset=&#8221;default&#8221; text_text_color=&#8221;#FFFFFF&#8221; global_colors_info=&#8221;{}&#8221;]<\/p>\n<p><span>En <\/span><strong data-start=\"162\" data-end=\"193\">Immersiva Lab Entertainment<\/strong><span> colaboramos con artistas, sellos y marcas que comparten nuestra pasi\u00f3n por la innovaci\u00f3n y la excelencia sonora. Nuestros clientes conf\u00edan en nosotros para transformar sus ideas en experiencias musicales \u00fanicas, aprovechando las \u00faltimas tecnolog\u00edas en producci\u00f3n y <\/span><strong data-start=\"459\" data-end=\"478\">audio inmersivo<\/strong><span>. Desde talentos emergentes hasta proyectos de alcance internacional, cada colaboraci\u00f3n refleja nuestro compromiso con la calidad, la creatividad y el impacto.<\/span><\/p>\n<p>[\/et_pb_text][\/et_pb_column][\/et_pb_row][et_pb_row column_structure=&#8221;1_5,1_5,1_5,1_5,1_5&#8243; _builder_version=&#8221;4.27.4&#8243; _module_preset=&#8221;default&#8221; global_colors_info=&#8221;{}&#8221;][et_pb_column type=&#8221;1_5&#8243; _builder_version=&#8221;4.27.4&#8243; _module_preset=&#8221;default&#8221; global_colors_info=&#8221;{}&#8221;][et_pb_image src=&#8221;https:\/\/immersivalab.com\/proeducation\/wp-content\/uploads\/2025\/10\/Universal-Music.png&#8221; title_text=&#8221;Universal Music&#8221; _builder_version=&#8221;4.27.4&#8243; _module_preset=&#8221;default&#8221; global_colors_info=&#8221;{}&#8221;][\/et_pb_image][\/et_pb_column][et_pb_column type=&#8221;1_5&#8243; _builder_version=&#8221;4.27.4&#8243; _module_preset=&#8221;default&#8221; global_colors_info=&#8221;{}&#8221;][et_pb_image src=&#8221;https:\/\/immersivalab.com\/proeducation\/wp-content\/uploads\/2025\/10\/Interscope.png&#8221; title_text=&#8221;Interscope&#8221; _builder_version=&#8221;4.27.4&#8243; _module_preset=&#8221;default&#8221; global_colors_info=&#8221;{}&#8221;][\/et_pb_image][\/et_pb_column][et_pb_column type=&#8221;1_5&#8243; _builder_version=&#8221;4.27.4&#8243; _module_preset=&#8221;default&#8221; global_colors_info=&#8221;{}&#8221;][et_pb_image src=&#8221;https:\/\/immersivalab.com\/proeducation\/wp-content\/uploads\/2025\/10\/Warner-Music.png&#8221; title_text=&#8221;Warner Music&#8221; _builder_version=&#8221;4.27.4&#8243; _module_preset=&#8221;default&#8221; global_colors_info=&#8221;{}&#8221;][\/et_pb_image][\/et_pb_column][et_pb_column type=&#8221;1_5&#8243; _builder_version=&#8221;4.27.4&#8243; _module_preset=&#8221;default&#8221; global_colors_info=&#8221;{}&#8221;][et_pb_image src=&#8221;https:\/\/immersivalab.com\/proeducation\/wp-content\/uploads\/2025\/10\/Orfeon.png&#8221; title_text=&#8221;Orfeon&#8221; _builder_version=&#8221;4.27.4&#8243; _module_preset=&#8221;default&#8221; global_colors_info=&#8221;{}&#8221;][\/et_pb_image][\/et_pb_column][et_pb_column type=&#8221;1_5&#8243; _builder_version=&#8221;4.27.4&#8243; _module_preset=&#8221;default&#8221; global_colors_info=&#8221;{}&#8221;][et_pb_image src=&#8221;https:\/\/immersivalab.com\/proeducation\/wp-content\/uploads\/2025\/10\/Virgin-Music.png&#8221; title_text=&#8221;Virgin Music&#8221; _builder_version=&#8221;4.27.4&#8243; _module_preset=&#8221;default&#8221; global_colors_info=&#8221;{}&#8221;][\/et_pb_image][\/et_pb_column][\/et_pb_row][et_pb_row column_structure=&#8221;1_5,1_5,1_5,1_5,1_5&#8243; _builder_version=&#8221;4.27.4&#8243; _module_preset=&#8221;default&#8221; global_colors_info=&#8221;{}&#8221;][et_pb_column type=&#8221;1_5&#8243; _builder_version=&#8221;4.27.4&#8243; _module_preset=&#8221;default&#8221; global_colors_info=&#8221;{}&#8221;][et_pb_image src=&#8221;https:\/\/immersivalab.com\/proeducation\/wp-content\/uploads\/2025\/10\/Pro-Indie-Music.png&#8221; title_text=&#8221;Pro Indie Music&#8221; _builder_version=&#8221;4.27.4&#8243; _module_preset=&#8221;default&#8221; global_colors_info=&#8221;{}&#8221;][\/et_pb_image][\/et_pb_column][et_pb_column type=&#8221;1_5&#8243; _builder_version=&#8221;4.27.4&#8243; _module_preset=&#8221;default&#8221; global_colors_info=&#8221;{}&#8221;][et_pb_image src=&#8221;https:\/\/immersivalab.com\/proeducation\/wp-content\/uploads\/2025\/10\/Believe.png&#8221; title_text=&#8221;Believe&#8221; _builder_version=&#8221;4.27.4&#8243; _module_preset=&#8221;default&#8221; global_colors_info=&#8221;{}&#8221;][\/et_pb_image][\/et_pb_column][et_pb_column type=&#8221;1_5&#8243; _builder_version=&#8221;4.27.4&#8243; _module_preset=&#8221;default&#8221; global_colors_info=&#8221;{}&#8221;][et_pb_image src=&#8221;https:\/\/immersivalab.com\/proeducation\/wp-content\/uploads\/2025\/10\/Babilonia-Music.png&#8221; title_text=&#8221;Babilonia Music&#8221; _builder_version=&#8221;4.27.4&#8243; _module_preset=&#8221;default&#8221; global_colors_info=&#8221;{}&#8221;][\/et_pb_image][\/et_pb_column][et_pb_column type=&#8221;1_5&#8243; _builder_version=&#8221;4.27.4&#8243; _module_preset=&#8221;default&#8221; global_colors_info=&#8221;{}&#8221;][et_pb_image src=&#8221;https:\/\/immersivalab.com\/proeducation\/wp-content\/uploads\/2025\/10\/onerpm.png&#8221; title_text=&#8221;onerpm&#8221; _builder_version=&#8221;4.27.4&#8243; _module_preset=&#8221;default&#8221; global_colors_info=&#8221;{}&#8221;][\/et_pb_image][\/et_pb_column][et_pb_column type=&#8221;1_5&#8243; _builder_version=&#8221;4.27.4&#8243; _module_preset=&#8221;default&#8221; global_colors_info=&#8221;{}&#8221;][et_pb_image src=&#8221;https:\/\/immersivalab.com\/proeducation\/wp-content\/uploads\/2025\/10\/More-Juice-Records.png&#8221; title_text=&#8221;More Juice Records&#8221; _builder_version=&#8221;4.27.4&#8243; _module_preset=&#8221;default&#8221; global_colors_info=&#8221;{}&#8221;][\/et_pb_image][\/et_pb_column][\/et_pb_row][et_pb_row column_structure=&#8221;1_5,1_5,1_5,1_5,1_5&#8243; _builder_version=&#8221;4.27.4&#8243; _module_preset=&#8221;default&#8221; global_colors_info=&#8221;{}&#8221;][et_pb_column type=&#8221;1_5&#8243; _builder_version=&#8221;4.27.4&#8243; _module_preset=&#8221;default&#8221; global_colors_info=&#8221;{}&#8221;][et_pb_image src=&#8221;https:\/\/immersivalab.com\/proeducation\/wp-content\/uploads\/2025\/10\/Ocesa-Seitrack.png&#8221; title_text=&#8221;Ocesa Seitrack&#8221; _builder_version=&#8221;4.27.4&#8243; _module_preset=&#8221;default&#8221; global_colors_info=&#8221;{}&#8221;][\/et_pb_image][\/et_pb_column][et_pb_column type=&#8221;1_5&#8243; _builder_version=&#8221;4.27.4&#8243; _module_preset=&#8221;default&#8221; global_colors_info=&#8221;{}&#8221;][et_pb_image src=&#8221;https:\/\/immersivalab.com\/proeducation\/wp-content\/uploads\/2025\/10\/RB-Music.png&#8221; title_text=&#8221;RB Music&#8221; _builder_version=&#8221;4.27.4&#8243; _module_preset=&#8221;default&#8221; global_colors_info=&#8221;{}&#8221;][\/et_pb_image][\/et_pb_column][et_pb_column type=&#8221;1_5&#8243; _builder_version=&#8221;4.27.4&#8243; _module_preset=&#8221;default&#8221; global_colors_info=&#8221;{}&#8221;][et_pb_image src=&#8221;https:\/\/immersivalab.com\/proeducation\/wp-content\/uploads\/2025\/10\/K-Music.png&#8221; title_text=&#8221;K Music&#8221; _builder_version=&#8221;4.27.4&#8243; _module_preset=&#8221;default&#8221; global_colors_info=&#8221;{}&#8221;][\/et_pb_image][\/et_pb_column][et_pb_column type=&#8221;1_5&#8243; _builder_version=&#8221;4.27.4&#8243; _module_preset=&#8221;default&#8221; global_colors_info=&#8221;{}&#8221;][et_pb_image src=&#8221;https:\/\/immersivalab.com\/proeducation\/wp-content\/uploads\/2025\/10\/VIM-Music.png&#8221; title_text=&#8221;VIM Music&#8221; _builder_version=&#8221;4.27.4&#8243; _module_preset=&#8221;default&#8221; global_colors_info=&#8221;{}&#8221;][\/et_pb_image][\/et_pb_column][et_pb_column type=&#8221;1_5&#8243; _builder_version=&#8221;4.27.4&#8243; _module_preset=&#8221;default&#8221; global_colors_info=&#8221;{}&#8221;][et_pb_image src=&#8221;https:\/\/immersivalab.com\/proeducation\/wp-content\/uploads\/2025\/10\/Lumbre-Music.png&#8221; title_text=&#8221;Lumbre Music&#8221; _builder_version=&#8221;4.27.4&#8243; _module_preset=&#8221;default&#8221; global_colors_info=&#8221;{}&#8221;][\/et_pb_image][\/et_pb_column][\/et_pb_row][\/et_pb_section][et_pb_section fb_built=&#8221;1&#8243; _builder_version=&#8221;4.27.4&#8243; _module_preset=&#8221;default&#8221; global_colors_info=&#8221;{}&#8221;][et_pb_row _builder_version=&#8221;4.27.4&#8243; _module_preset=&#8221;default&#8221; global_colors_info=&#8221;{}&#8221;][et_pb_column type=&#8221;4_4&#8243; _builder_version=&#8221;4.27.4&#8243; _module_preset=&#8221;default&#8221; global_colors_info=&#8221;{}&#8221;][et_pb_text _builder_version=&#8221;4.27.4&#8243; _module_preset=&#8221;default&#8221; hover_enabled=&#8221;0&#8243; global_colors_info=&#8221;{}&#8221; sticky_enabled=&#8221;0&#8243;]<\/p>\n<h2 style=\"text-align: center;\"><span style=\"color: #ffffff;\">Nuestro in-house mixer<\/span><\/h2>\n<p>[\/et_pb_text][\/et_pb_column][\/et_pb_row][et_pb_row column_structure=&#8221;1_2,1_2&#8243; _builder_version=&#8221;4.27.4&#8243; _module_preset=&#8221;default&#8221; global_colors_info=&#8221;{}&#8221;][et_pb_column type=&#8221;1_2&#8243; _builder_version=&#8221;4.27.4&#8243; _module_preset=&#8221;default&#8221; global_colors_info=&#8221;{}&#8221;][et_pb_image src=&#8221;https:\/\/immersivalab.com\/proeducation\/wp-content\/uploads\/2025\/10\/IMG_3796.jpg&#8221; title_text=&#8221;Mijael Gutierrez &#8211; The Engineers&#8221; _builder_version=&#8221;4.27.4&#8243; _module_preset=&#8221;default&#8221; border_radii=&#8221;on|23px|23px|23px|23px&#8221; global_colors_info=&#8221;{}&#8221;][\/et_pb_image][\/et_pb_column][et_pb_column type=&#8221;1_2&#8243; _builder_version=&#8221;4.27.4&#8243; _module_preset=&#8221;default&#8221; global_colors_info=&#8221;{}&#8221;][et_pb_text _builder_version=&#8221;4.27.4&#8243; _module_preset=&#8221;default&#8221; hover_enabled=&#8221;0&#8243; global_colors_info=&#8221;{}&#8221; sticky_enabled=&#8221;0&#8243;]<\/p>\n<p data-start=\"0\" data-end=\"432\"><span style=\"color: #ffffff;\">Mijael Guti\u00e9rrez es el <strong data-start=\"90\" data-end=\"157\">ingeniero de mezcla residente (in-house mixer) de Immersiva Lab<\/strong>, estudio l\u00edder en <strong data-start=\"176\" data-end=\"216\">audio inmersivo y producci\u00f3n musical<\/strong>. Con una s\u00f3lida trayectoria en <strong data-start=\"248\" data-end=\"297\">mezcla de audio inmersivo (Dolby Atmos), mastering y dise\u00f1o sonoro<\/strong>, ha colaborado con <strong data-start=\"317\" data-end=\"367\">artistas, sellos y plataformas internacionales<\/strong>, llevando cada producci\u00f3n a est\u00e1ndares de la industria global.<\/span><\/p>\n<p data-start=\"434\" data-end=\"807\" data-is-last-node=\"\" data-is-only-node=\"\"><span style=\"color: #ffffff;\">Su enfoque combina <strong data-start=\"453\" data-end=\"535\">precisi\u00f3n t\u00e9cnica, visi\u00f3n art\u00edstica y conocimiento profundo del espacio sonoro<\/strong>, logrando mezclas envolventes que destacan en plataformas como <strong data-start=\"599\" data-end=\"636\">Apple Music, Tidal y Amazon Music<\/strong>. Si buscas un <strong data-start=\"651\" data-end=\"696\">ingeniero de mezcla Dolby Atmos en M\u00e9xico<\/strong> con experiencia, innovaci\u00f3n y calidad certificada, <strong data-start=\"748\" data-end=\"784\">Mijael Guti\u00e9rrez e Immersiva Lab<\/strong> son la elecci\u00f3n ideal.<\/span><\/p>\n<p>[\/et_pb_text][\/et_pb_column][\/et_pb_row][et_pb_row _builder_version=&#8221;4.27.4&#8243; _module_preset=&#8221;default&#8221; global_colors_info=&#8221;{}&#8221;][et_pb_column type=&#8221;4_4&#8243; _builder_version=&#8221;4.27.4&#8243; _module_preset=&#8221;default&#8221; global_colors_info=&#8221;{}&#8221;][et_pb_text _builder_version=&#8221;4.27.4&#8243; _module_preset=&#8221;default&#8221; hover_enabled=&#8221;0&#8243; global_colors_info=&#8221;{}&#8221; sticky_enabled=&#8221;0&#8243;]<\/p>\n<h2 style=\"text-align: center;\"><span style=\"color: #ffffff;\">Full credits mixing<\/span><\/h2>\n<p>[\/et_pb_text][\/et_pb_column][\/et_pb_row][et_pb_row _builder_version=&#8221;4.27.4&#8243; _module_preset=&#8221;default&#8221; global_colors_info=&#8221;{}&#8221;][et_pb_column type=&#8221;4_4&#8243; _builder_version=&#8221;4.27.4&#8243; _module_preset=&#8221;default&#8221; global_colors_info=&#8221;{}&#8221;][et_pb_gallery gallery_ids=&#8221;169,397,431,412,348,330,332,343,347,320,317,131,132,133,134,136,137,138,139,140,141,142,143,144,145,146,147,148,150,149,152,153,154,155,156,157,158,159,161,162,163,164,165,166,167,160,403,168,374,170,135,171,172,407,406,174,175,176,151,177,178,179,180,181,182,183,185,186,187,188,189,190,191,192,193,194,195,196,197,198,199,200,201,202,203,204,205,206,207,208,209,210,319,351,327,359,328,350,322,394,333,362,358,361,344,346,339,341,352,334,345,354,329,323,335,360,349,340,337,356,336,318,357,331,395,338,321,353&#8243; posts_number=&#8221;300&#8243; orientation=&#8221;portrait&#8221; admin_label=&#8221;Galeria&#8221; _builder_version=&#8221;4.27.4&#8243; _module_preset=&#8221;default&#8221; hover_enabled=&#8221;0&#8243; border_radii_image=&#8221;on|7px|7px|7px|7px&#8221; global_colors_info=&#8221;{}&#8221; background_layout=&#8221;dark&#8221; sticky_enabled=&#8221;0&#8243;][\/et_pb_gallery][\/et_pb_column][\/et_pb_row][\/et_pb_section]<\/p>\n","protected":false},"excerpt":{"rendered":"<p>Immersiva Lab Entertainmentmmersiva Lab Entertainment es la divisi\u00f3n dedicada a la creaci\u00f3n, producci\u00f3n y desarrollo musical. Con m\u00e1s de 30 a\u00f1os de experiencia, nuestro equipo se especializa en la producci\u00f3n musical y la mezcla en audio inmersivo (Dolby Atmos, Eclipsa Audio, entre otros), fusionando tecnolog\u00eda de vanguardia con una visi\u00f3n art\u00edstica \u00fanica. Adem\u00e1s, brindamos label [&hellip;]<\/p>\n","protected":false},"author":1,"featured_media":0,"parent":0,"menu_order":0,"comment_status":"closed","ping_status":"closed","template":"page-template-blank.php","meta":{"_et_pb_use_builder":"on","_et_pb_old_content":"","_et_gb_content_width":"","footnotes":""},"class_list":["post-55","page","type-page","status-publish","hentry"],"yoast_head":"<!-- This site is optimized with the Yoast SEO plugin v25.8 - https:\/\/yoast.com\/wordpress\/plugins\/seo\/ -->\n<title>Music - Immersiva Lab<\/title>\n<meta name=\"robots\" content=\"index, follow, max-snippet:-1, max-image-preview:large, max-video-preview:-1\" \/>\n<link rel=\"canonical\" href=\"https:\/\/immersivalab.com\/proeducation\/music\/\" \/>\n<meta property=\"og:locale\" content=\"es_MX\" \/>\n<meta property=\"og:type\" content=\"article\" \/>\n<meta property=\"og:title\" content=\"Music - Immersiva Lab\" \/>\n<meta property=\"og:description\" content=\"Immersiva Lab Entertainmentmmersiva Lab Entertainment es la divisi\u00f3n dedicada a la creaci\u00f3n, producci\u00f3n y desarrollo musical. Con m\u00e1s de 30 a\u00f1os de experiencia, nuestro equipo se especializa en la producci\u00f3n musical y la mezcla en audio inmersivo (Dolby Atmos, Eclipsa Audio, entre otros), fusionando tecnolog\u00eda de vanguardia con una visi\u00f3n art\u00edstica \u00fanica. Adem\u00e1s, brindamos label [&hellip;]\" \/>\n<meta property=\"og:url\" content=\"https:\/\/immersivalab.com\/proeducation\/music\/\" \/>\n<meta property=\"og:site_name\" content=\"Immersiva Lab\" \/>\n<meta property=\"article:modified_time\" content=\"2026-01-13T04:06:52+00:00\" \/>\n<meta name=\"twitter:card\" content=\"summary_large_image\" \/>\n<script type=\"application\/ld+json\" class=\"yoast-schema-graph\">{\"@context\":\"https:\/\/schema.org\",\"@graph\":[{\"@type\":\"WebPage\",\"@id\":\"https:\/\/immersivalab.com\/proeducation\/music\/\",\"url\":\"https:\/\/immersivalab.com\/proeducation\/music\/\",\"name\":\"Music - Immersiva Lab\",\"isPartOf\":{\"@id\":\"https:\/\/immersivalab.com\/proeducation\/#website\"},\"datePublished\":\"2025-09-29T19:42:49+00:00\",\"dateModified\":\"2026-01-13T04:06:52+00:00\",\"breadcrumb\":{\"@id\":\"https:\/\/immersivalab.com\/proeducation\/music\/#breadcrumb\"},\"inLanguage\":\"es\",\"potentialAction\":[{\"@type\":\"ReadAction\",\"target\":[\"https:\/\/immersivalab.com\/proeducation\/music\/\"]}]},{\"@type\":\"BreadcrumbList\",\"@id\":\"https:\/\/immersivalab.com\/proeducation\/music\/#breadcrumb\",\"itemListElement\":[{\"@type\":\"ListItem\",\"position\":1,\"name\":\"Portada\",\"item\":\"https:\/\/immersivalab.com\/proeducation\/\"},{\"@type\":\"ListItem\",\"position\":2,\"name\":\"Music\"}]},{\"@type\":\"WebSite\",\"@id\":\"https:\/\/immersivalab.com\/proeducation\/#website\",\"url\":\"https:\/\/immersivalab.com\/proeducation\/\",\"name\":\"Immersiva Lab\",\"description\":\"\",\"publisher\":{\"@id\":\"https:\/\/immersivalab.com\/proeducation\/#organization\"},\"potentialAction\":[{\"@type\":\"SearchAction\",\"target\":{\"@type\":\"EntryPoint\",\"urlTemplate\":\"https:\/\/immersivalab.com\/proeducation\/?s={search_term_string}\"},\"query-input\":{\"@type\":\"PropertyValueSpecification\",\"valueRequired\":true,\"valueName\":\"search_term_string\"}}],\"inLanguage\":\"es\"},{\"@type\":\"Organization\",\"@id\":\"https:\/\/immersivalab.com\/proeducation\/#organization\",\"name\":\"Immersiva Lab\",\"url\":\"https:\/\/immersivalab.com\/proeducation\/\",\"logo\":{\"@type\":\"ImageObject\",\"inLanguage\":\"es\",\"@id\":\"https:\/\/immersivalab.com\/proeducation\/#\/schema\/logo\/image\/\",\"url\":\"https:\/\/immersivalab.com\/proeducation\/wp-content\/uploads\/2025\/09\/cropped-LOGO-PRINCIPAL-TXTNEGRO-24-scaled-1.png\",\"contentUrl\":\"https:\/\/immersivalab.com\/proeducation\/wp-content\/uploads\/2025\/09\/cropped-LOGO-PRINCIPAL-TXTNEGRO-24-scaled-1.png\",\"width\":2558,\"height\":516,\"caption\":\"Immersiva Lab\"},\"image\":{\"@id\":\"https:\/\/immersivalab.com\/proeducation\/#\/schema\/logo\/image\/\"}}]}<\/script>\n<!-- \/ Yoast SEO plugin. -->","yoast_head_json":{"title":"Music - Immersiva Lab","robots":{"index":"index","follow":"follow","max-snippet":"max-snippet:-1","max-image-preview":"max-image-preview:large","max-video-preview":"max-video-preview:-1"},"canonical":"https:\/\/immersivalab.com\/proeducation\/music\/","og_locale":"es_MX","og_type":"article","og_title":"Music - Immersiva Lab","og_description":"Immersiva Lab Entertainmentmmersiva Lab Entertainment es la divisi\u00f3n dedicada a la creaci\u00f3n, producci\u00f3n y desarrollo musical. Con m\u00e1s de 30 a\u00f1os de experiencia, nuestro equipo se especializa en la producci\u00f3n musical y la mezcla en audio inmersivo (Dolby Atmos, Eclipsa Audio, entre otros), fusionando tecnolog\u00eda de vanguardia con una visi\u00f3n art\u00edstica \u00fanica. Adem\u00e1s, brindamos label [&hellip;]","og_url":"https:\/\/immersivalab.com\/proeducation\/music\/","og_site_name":"Immersiva Lab","article_modified_time":"2026-01-13T04:06:52+00:00","twitter_card":"summary_large_image","schema":{"@context":"https:\/\/schema.org","@graph":[{"@type":"WebPage","@id":"https:\/\/immersivalab.com\/proeducation\/music\/","url":"https:\/\/immersivalab.com\/proeducation\/music\/","name":"Music - Immersiva Lab","isPartOf":{"@id":"https:\/\/immersivalab.com\/proeducation\/#website"},"datePublished":"2025-09-29T19:42:49+00:00","dateModified":"2026-01-13T04:06:52+00:00","breadcrumb":{"@id":"https:\/\/immersivalab.com\/proeducation\/music\/#breadcrumb"},"inLanguage":"es","potentialAction":[{"@type":"ReadAction","target":["https:\/\/immersivalab.com\/proeducation\/music\/"]}]},{"@type":"BreadcrumbList","@id":"https:\/\/immersivalab.com\/proeducation\/music\/#breadcrumb","itemListElement":[{"@type":"ListItem","position":1,"name":"Portada","item":"https:\/\/immersivalab.com\/proeducation\/"},{"@type":"ListItem","position":2,"name":"Music"}]},{"@type":"WebSite","@id":"https:\/\/immersivalab.com\/proeducation\/#website","url":"https:\/\/immersivalab.com\/proeducation\/","name":"Immersiva Lab","description":"","publisher":{"@id":"https:\/\/immersivalab.com\/proeducation\/#organization"},"potentialAction":[{"@type":"SearchAction","target":{"@type":"EntryPoint","urlTemplate":"https:\/\/immersivalab.com\/proeducation\/?s={search_term_string}"},"query-input":{"@type":"PropertyValueSpecification","valueRequired":true,"valueName":"search_term_string"}}],"inLanguage":"es"},{"@type":"Organization","@id":"https:\/\/immersivalab.com\/proeducation\/#organization","name":"Immersiva Lab","url":"https:\/\/immersivalab.com\/proeducation\/","logo":{"@type":"ImageObject","inLanguage":"es","@id":"https:\/\/immersivalab.com\/proeducation\/#\/schema\/logo\/image\/","url":"https:\/\/immersivalab.com\/proeducation\/wp-content\/uploads\/2025\/09\/cropped-LOGO-PRINCIPAL-TXTNEGRO-24-scaled-1.png","contentUrl":"https:\/\/immersivalab.com\/proeducation\/wp-content\/uploads\/2025\/09\/cropped-LOGO-PRINCIPAL-TXTNEGRO-24-scaled-1.png","width":2558,"height":516,"caption":"Immersiva Lab"},"image":{"@id":"https:\/\/immersivalab.com\/proeducation\/#\/schema\/logo\/image\/"}}]}},"_links":{"self":[{"href":"https:\/\/immersivalab.com\/proeducation\/wp-json\/wp\/v2\/pages\/55","targetHints":{"allow":["GET"]}}],"collection":[{"href":"https:\/\/immersivalab.com\/proeducation\/wp-json\/wp\/v2\/pages"}],"about":[{"href":"https:\/\/immersivalab.com\/proeducation\/wp-json\/wp\/v2\/types\/page"}],"author":[{"embeddable":true,"href":"https:\/\/immersivalab.com\/proeducation\/wp-json\/wp\/v2\/users\/1"}],"replies":[{"embeddable":true,"href":"https:\/\/immersivalab.com\/proeducation\/wp-json\/wp\/v2\/comments?post=55"}],"version-history":[{"count":49,"href":"https:\/\/immersivalab.com\/proeducation\/wp-json\/wp\/v2\/pages\/55\/revisions"}],"predecessor-version":[{"id":907,"href":"https:\/\/immersivalab.com\/proeducation\/wp-json\/wp\/v2\/pages\/55\/revisions\/907"}],"wp:attachment":[{"href":"https:\/\/immersivalab.com\/proeducation\/wp-json\/wp\/v2\/media?parent=55"}],"curies":[{"name":"wp","href":"https:\/\/api.w.org\/{rel}","templated":true}]}}